{"id":10,"date":"2025-12-03T01:00:03","date_gmt":"2025-12-02T18:00:03","guid":{"rendered":"https:\/\/af88.green\/?page_id=10"},"modified":"2025-12-08T17:51:43","modified_gmt":"2025-12-08T10:51:43","slug":"home-page","status":"publish","type":"page","link":"https:\/\/www.af88.green\/","title":{"rendered":"AF88 &#8211; Trang Ch\u1ee7 Ch\u00ednh Th\u1ee9c"},"content":{"rendered":"<div class=\"slider-wrapper relative\" id=\"slider-1287189954\" >\n    <div class=\"slider slider-nav-circle slider-nav-large slider-nav-light slider-style-normal\"\n        data-flickity-options='{\n            \"cellAlign\": \"center\",\n            \"imagesLoaded\": true,\n            \"lazyLoad\": 1,\n            \"freeScroll\": false,\n            \"wrapAround\": true,\n            \"autoPlay\": 6000,\n            \"pauseAutoPlayOnHover\" : true,\n            \"prevNextButtons\": true,\n            \"contain\" : true,\n            \"adaptiveHeight\" : true,\n            \"dragThreshold\" : 10,\n            \"percentPosition\": true,\n            \"pageDots\": true,\n            \"rightToLeft\": false,\n            \"draggable\": true,\n            \"selectedAttraction\": 0.1,\n            \"parallax\" : 0,\n            \"friction\": 0.6        }'\n        >\n        \n\t<div class=\"img has-hover x md-x lg-x y md-y lg-y\" id=\"image_2125430010\">\n\t\t\t\t\t\t\t\t<div class=\"img-inner dark\" >\n\t\t\t<img loading=\"lazy\" decoding=\"async\" width=\"1920\" height=\"500\" src=\"https:\/\/www.af88.green\/wp-content\/uploads\/2025\/12\/AF88.webp\" class=\"attachment-original size-original\" alt=\"AF88 \u2013 S\u00e2n Ch\u01a1i Uy T\u00edn\" srcset=\"https:\/\/www.af88.green\/wp-content\/uploads\/2025\/12\/AF88.webp 1920w, https:\/\/www.af88.green\/wp-content\/uploads\/2025\/12\/AF88-300x78.webp 300w, https:\/\/www.af88.green\/wp-content\/uploads\/2025\/12\/AF88-1024x267.webp 1024w, https:\/\/www.af88.green\/wp-content\/uploads\/2025\/12\/AF88-768x200.webp 768w, https:\/\/www.af88.green\/wp-content\/uploads\/2025\/12\/AF88-1536x400.webp 1536w\" sizes=\"auto, (max-width: 1920px) 100vw, 1920px\" \/>\t\t\t\t\t\t\n\t\t\t\t\t<\/div>\n\t\t\t\t\t\t\t\t\n<style>\n#image_2125430010 {\n  width: 100%;\n}\n<\/style>\n\t<\/div>\n\t\n     <\/div>\n\n     <div class=\"loading-spin dark large centered\"><\/div>\n\n\t<\/div>\n\n\n\n\t<section class=\"section\" id=\"section_1679418911\">\n\t\t<div class=\"section-bg fill\" >\n\t\t\t\t\t\t\t\t\t\n\t\t\t\n\n\t\t<\/div>\n\n\t\t\n\n\t\t<div class=\"section-content relative\">\n\t\t\t\n<div class=\"container section-title-container\" ><h1 class=\"section-title section-title-bold-center\"><b><\/b><span class=\"section-title-main\" >\u0110\u0103ng K\u00fd AF88 Nh\u1eadn Ngay Code 100k - C\u01b0\u1ee3c Th\u1ea3 Ga, Th\u1eafng L\u1edbn<\/span><b><\/b><\/h1><\/div>\n<div class=\"row\"  id=\"row-1407786794\">\n\n\t<div id=\"col-24541390\" class=\"col small-12 large-12\"  >\n\t\t\t\t<div class=\"col-inner\"  >\n\t\t\t\n\t\t\t\n<p><span data-sheets-root=\"1\"><strong><a href=\"https:\/\/af88.green\/\">AF88<\/a><\/strong> \u2013 s\u00e2n ch\u01a1i gi\u1ea3i tr\u00ed tr\u1ef1c tuy\u1ebfn uy t\u00edn h\u00e0ng \u0111\u1ea7u hi\u1ec7n nay, n\u01a1i quy t\u1ee5 h\u00e0ng ng\u00e0n t\u1ef1a game \u0111\u1ec9nh cao t\u1eeb th\u1ec3 thao \u0111\u1ebfn casino. V\u1edbi giao di\u1ec7n m\u01b0\u1ee3t m\u00e0, t\u1ef7 l\u1ec7 th\u01b0\u1edfng h\u1ea5p d\u1eabn v\u00e0 h\u1ec7 th\u1ed1ng b\u1ea3o m\u1eadt t\u1ed1i t\u00e2n, AF88 cam k\u1ebft mang \u0111\u1ebfn tr\u1ea3i nghi\u1ec7m an to\u00e0n tuy\u1ec7t \u0111\u1ed1i cho ng\u01b0\u1eddi ch\u01a1i. C\u00f9ng t\u00ecm hi\u1ec3u chi ti\u1ebft v\u1ec1 c\u00e1c \u01b0u \u0111\u00e3i m\u1edbi nh\u1ea5t t\u1ea1i \u0111\u00e2y!<\/span><\/p>\n<div class=\"container section-title-container\" ><h2 class=\"section-title section-title-bold-center\"><b><\/b><span class=\"section-title-main\" >Tr\u00f2 Ch\u01a1i n\u1ed5i b\u1eadt<\/span><b><\/b><\/h2><\/div>\n\n  \n    <div class=\"row large-columns-3 medium-columns-1 small-columns-1 slider row-slider slider-nav-reveal slider-nav-push\"  data-flickity-options='{&quot;imagesLoaded&quot;: true, &quot;groupCells&quot;: &quot;100%&quot;, &quot;dragThreshold&quot; : 5, &quot;cellAlign&quot;: &quot;left&quot;,&quot;wrapAround&quot;: true,&quot;prevNextButtons&quot;: true,&quot;percentPosition&quot;: true,&quot;pageDots&quot;: false, &quot;rightToLeft&quot;: false, &quot;autoPlay&quot; : false}' >\n\n  <div class=\"col post-item\" >\n\t\t\t<div class=\"col-inner\">\n\t\t\t\t<div class=\"box box-normal box-text-bottom box-blog-post has-hover\">\n          \t\t\t\t\t<div class=\"box-text text-center\" >\n\t\t\t\t\t<div class=\"box-text-inner blog-post-inner\">\n\n\t\t\t\t\t\n\t\t\t\t\t\t\t\t\t\t<h5 class=\"post-title is-large \">\n\t\t\t\t\t\t<a href=\"https:\/\/www.af88.green\/index.php\/2025\/11\/29\/hello-world\/\" class=\"plain\">Hello world!<\/a>\n\t\t\t\t\t<\/h5>\n\t\t\t\t\t<div class=\"post-meta is-small op-8\">Th\u00e1ng m\u01b0\u1eddi m\u1ed9t 29, 2025<\/div>\t\t\t\t\t<div class=\"is-divider\"><\/div>\n\t\t\t\t\t\t\t\t\t\t<p class=\"from_the_blog_excerpt \">\n\t\t\t\t\t\tWelcome to WordPress. This is your first post. Edit or delete it, then start writing!\t\t\t\t\t<\/p>\n\t\t\t\t\t                                            <p class=\"from_the_blog_comments uppercase is-xsmall\">\n                            1 B\u00ecnh lu\u1eadn                        <\/p>\n                    \n\t\t\t\t\t\n\t\t\t\t\t\n\t\t\t\t\t<\/div>\n\t\t\t\t\t<\/div>\n\t\t\t\t\t\t\t\t\t<\/div>\n\t\t\t<\/div>\n\t\t<\/div><\/div>\n\t\t<\/div>\n\t\t\t\t\t<\/div>\n\n\t\n<\/div>\n<div class=\"row\"  id=\"row-1073330152\">\n\n\t<div id=\"col-288832107\" class=\"col medium-3 small-6 large-3\"  >\n\t\t\t\t<div class=\"col-inner\"  >\n\t\t\t\n\t\t\t\n<div class=\"row\"  id=\"row-1182886126\">\n\n\t<div id=\"col-59526937\" class=\"col medium-4 small-12 large-4\"  >\n\t\t\t\t<div class=\"col-inner\"  >\n\t\t\t\n\t\t\t\n\t<div class=\"img has-hover x md-x lg-x y md-y lg-y\" id=\"image_136688744\">\n\t\t\t\t\t\t\t\t<div class=\"img-inner dark\" >\n\t\t\t<img loading=\"lazy\" decoding=\"async\" width=\"55\" height=\"67\" src=\"https:\/\/www.af88.green\/wp-content\/uploads\/2025\/12\/thuong-hieu.webp\" class=\"attachment-original size-original\" alt=\"Th\u01b0\u01a1ng hi\u1ec7u uy t\u00edn\" \/>\t\t\t\t\t\t\n\t\t\t\t\t<\/div>\n\t\t\t\t\t\t\t\t\n<style>\n#image_136688744 {\n  width: 100%;\n}\n<\/style>\n\t<\/div>\n\t\n\t\t<\/div>\n\t\t\t\t\t<\/div>\n\n\t\n\n\t<div id=\"col-1739674310\" class=\"col medium-8 small-12 large-8\"  >\n\t\t\t\t<div class=\"col-inner\"  >\n\t\t\t\n\t\t\t\n<p><strong>TH\u01af\u01a0NG HI\u1ec6U UY T\u00cdN<\/strong><\/p>\n<p>N\u1ec1n t\u1ea3ng \u0111\u01b0\u1ee3c tin ch\u1ecdn nh\u1edd s\u1ef1 minh b\u1ea1ch, an to\u00e0n v\u00e0 t\u1ed1c \u0111\u1ed9.<\/p>\n\t\t<\/div>\n\t\t\t\t\t<\/div>\n\n\t\n<\/div>\n\t\t<\/div>\n\t\t\t\t\t<\/div>\n\n\t\n\n\t<div id=\"col-1061005257\" class=\"col medium-3 small-6 large-3\"  >\n\t\t\t\t<div class=\"col-inner\"  >\n\t\t\t\n\t\t\t\n<div class=\"row\"  id=\"row-399422783\">\n\n\t<div id=\"col-728657647\" class=\"col medium-4 small-12 large-4\"  >\n\t\t\t\t<div class=\"col-inner\"  >\n\t\t\t\n\t\t\t\n\t<div class=\"img has-hover x md-x lg-x y md-y lg-y\" id=\"image_1648909101\">\n\t\t\t\t\t\t\t\t<div class=\"img-inner dark\" >\n\t\t\t<img loading=\"lazy\" decoding=\"async\" width=\"57\" height=\"58\" src=\"https:\/\/www.af88.green\/wp-content\/uploads\/2025\/12\/tro-choi.webp\" class=\"attachment-original size-original\" alt=\"S\u1ea2N PH\u1ea8M \u0110A D\u1ea0NG\" \/>\t\t\t\t\t\t\n\t\t\t\t\t<\/div>\n\t\t\t\t\t\t\t\t\n<style>\n#image_1648909101 {\n  width: 100%;\n}\n<\/style>\n\t<\/div>\n\t\n\t\t<\/div>\n\t\t\t\t\t<\/div>\n\n\t\n\n\t<div id=\"col-1388651224\" class=\"col medium-8 small-12 large-8\"  >\n\t\t\t\t<div class=\"col-inner\"  >\n\t\t\t\n\t\t\t\n<p><strong>S\u1ea2N PH\u1ea8M \u0110A D\u1ea0NG<\/strong><\/p>\n<p>+1000 Tr\u00f2 ch\u01a1i \u0111em \u0111\u1ebfn s\u1ef1 kh\u00e1c bi\u1ec7t trong tr\u1ea3i nghi\u1ec7m.<\/p>\n\t\t<\/div>\n\t\t\t\t\t<\/div>\n\n\t\n<\/div>\n\t\t<\/div>\n\t\t\t\t\t<\/div>\n\n\t\n\n\t<div id=\"col-1514902453\" class=\"col medium-3 small-6 large-3\"  >\n\t\t\t\t<div class=\"col-inner\"  >\n\t\t\t\n\t\t\t\n<div class=\"row\"  id=\"row-10059043\">\n\n\t<div id=\"col-1975261890\" class=\"col medium-4 small-12 large-4\"  >\n\t\t\t\t<div class=\"col-inner\"  >\n\t\t\t\n\t\t\t\n\t<div class=\"img has-hover x md-x lg-x y md-y lg-y\" id=\"image_380602612\">\n\t\t\t\t\t\t\t\t<div class=\"img-inner dark\" >\n\t\t\t<img loading=\"lazy\" decoding=\"async\" width=\"57\" height=\"58\" src=\"https:\/\/www.af88.green\/wp-content\/uploads\/2025\/12\/bao-mat.webp\" class=\"attachment-original size-original\" alt=\"AN TO\u00c0N B\u1ea2O M\u1eacT\" \/>\t\t\t\t\t\t\n\t\t\t\t\t<\/div>\n\t\t\t\t\t\t\t\t\n<style>\n#image_380602612 {\n  width: 100%;\n}\n<\/style>\n\t<\/div>\n\t\n\t\t<\/div>\n\t\t\t\t\t<\/div>\n\n\t\n\n\t<div id=\"col-1576895821\" class=\"col medium-8 small-12 large-8\"  >\n\t\t\t\t<div class=\"col-inner\"  >\n\t\t\t\n\t\t\t\n<p><strong>AN TO\u00c0N B\u1ea2O M\u1eacT<\/strong><\/p>\n<p>H\u1ec7 th\u1ed1ng b\u1ea3o m\u1eadt nghi\u00eam ng\u1eb7t b\u1ea3o v\u1ec7 m\u1ecdi d\u1eef li\u1ec7u v\u00e0 t\u00e0i kho\u1ea3n.<\/p>\n\t\t<\/div>\n\t\t\t\t\t<\/div>\n\n\t\n<\/div>\n\t\t<\/div>\n\t\t\t\t\t<\/div>\n\n\t\n\n\t<div id=\"col-1801638293\" class=\"col medium-3 small-6 large-3\"  >\n\t\t\t\t<div class=\"col-inner\"  >\n\t\t\t\n\t\t\t\n<div class=\"row\"  id=\"row-1294613881\">\n\n\t<div id=\"col-11582949\" class=\"col medium-4 small-12 large-4\"  >\n\t\t\t\t<div class=\"col-inner\"  >\n\t\t\t\n\t\t\t\n\t<div class=\"img has-hover x md-x lg-x y md-y lg-y\" id=\"image_1137554122\">\n\t\t\t\t\t\t\t\t<div class=\"img-inner dark\" >\n\t\t\t<img loading=\"lazy\" decoding=\"async\" width=\"60\" height=\"53\" src=\"https:\/\/www.af88.green\/wp-content\/uploads\/2025\/12\/giao-dich-nhanh.webp\" class=\"attachment-original size-original\" alt=\"GIAO D\u1ecaCH SI\u00caU T\u1ed0C\" \/>\t\t\t\t\t\t\n\t\t\t\t\t<\/div>\n\t\t\t\t\t\t\t\t\n<style>\n#image_1137554122 {\n  width: 100%;\n}\n<\/style>\n\t<\/div>\n\t\n\t\t<\/div>\n\t\t\t\t\t<\/div>\n\n\t\n\n\t<div id=\"col-979566354\" class=\"col medium-8 small-12 large-8\"  >\n\t\t\t\t<div class=\"col-inner\"  >\n\t\t\t\n\t\t\t\n<p><strong>GIAO D\u1ecaCH NHANH<\/strong><\/p>\n<p>N\u1ea1p \u2013 r\u00fat ch\u1ec9 trong v\u00e0i gi\u00e2y v\u1edbi quy tr\u00ecnh t\u1ef1 \u0111\u1ed9ng h\u00f3a.<\/p>\n\t\t<\/div>\n\t\t\t\t\t<\/div>\n\n\t\n<\/div>\n\t\t<\/div>\n\t\t\t\t\t<\/div>\n\n\t\n<\/div>\n\t\t<\/div>\n\n\t\t\n<style>\n#section_1679418911 {\n  padding-top: 30px;\n  padding-bottom: 30px;\n}\n<\/style>\n\t<\/section>\n\t\n","protected":false},"excerpt":{"rendered":"","protected":false},"author":1,"featured_media":0,"parent":0,"menu_order":0,"comment_status":"closed","ping_status":"closed","template":"page-blank.php","meta":{"footnotes":""},"class_list":["post-10","page","type-page","status-publish","hentry"],"_links":{"self":[{"href":"https:\/\/www.af88.green\/index.php\/wp-json\/wp\/v2\/pages\/10","targetHints":{"allow":["GET"]}}],"collection":[{"href":"https:\/\/www.af88.green\/index.php\/wp-json\/wp\/v2\/pages"}],"about":[{"href":"https:\/\/www.af88.green\/index.php\/wp-json\/wp\/v2\/types\/page"}],"author":[{"embeddable":true,"href":"https:\/\/www.af88.green\/index.php\/wp-json\/wp\/v2\/users\/1"}],"replies":[{"embeddable":true,"href":"https:\/\/www.af88.green\/index.php\/wp-json\/wp\/v2\/comments?post=10"}],"version-history":[{"count":40,"href":"https:\/\/www.af88.green\/index.php\/wp-json\/wp\/v2\/pages\/10\/revisions"}],"predecessor-version":[{"id":104,"href":"https:\/\/www.af88.green\/index.php\/wp-json\/wp\/v2\/pages\/10\/revisions\/104"}],"wp:attachment":[{"href":"https:\/\/www.af88.green\/index.php\/wp-json\/wp\/v2\/media?parent=10"}],"curies":[{"name":"wp","href":"https:\/\/api.w.org\/{rel}","templated":true}]}}